{"id":282,"date":"2023-03-16T01:18:40","date_gmt":"2023-03-16T01:18:40","guid":{"rendered":"https:\/\/vinhocallum.pt\/vinhos-beira-interior\/?page_id=282"},"modified":"2023-09-14T23:09:11","modified_gmt":"2023-09-14T23:09:11","slug":"politica-de-cookies","status":"publish","type":"page","link":"https:\/\/vinhocallum.pt\/vinhos-beira-interior\/index.php\/politica-de-cookies\/","title":{"rendered":"Pol\u00edtica de Cookies PT"},"content":{"rendered":"\t\t<div data-elementor-type=\"wp-page\" data-elementor-id=\"282\" class=\"elementor elementor-282\">\n\t\t\t\t\t\t<section class=\"elementor-section elementor-top-section elementor-element elementor-element-83d5d0e elementor-section-boxed elementor-section-height-default elementor-section-height-default\" data-id=\"83d5d0e\" data-element_type=\"section\" data-e-type=\"section\">\n\t\t\t\t\t\t<div class=\"elementor-container elementor-column-gap-default\">\n\t\t\t\t\t<div class=\"elementor-column elementor-col-100 elementor-top-column elementor-element elementor-element-351532c\" data-id=\"351532c\" data-element_type=\"column\" data-e-type=\"column\">\n\t\t\t<div class=\"elementor-widget-wrap elementor-element-populated\">\n\t\t\t\t\t\t<div class=\"elementor-element elementor-element-94a69a0 elementor-widget elementor-widget-heading\" data-id=\"94a69a0\" data-element_type=\"widget\" data-e-type=\"widget\" data-widget_type=\"heading.default\">\n\t\t\t\t<div class=\"elementor-widget-container\">\n\t\t\t\t\t<h2 class=\"elementor-heading-title elementor-size-default\">Pol\u00edtica de Cookies<\/h2>\t\t\t\t<\/div>\n\t\t\t\t<\/div>\n\t\t\t\t<div class=\"elementor-element elementor-element-79932fc elementor-widget elementor-widget-text-editor\" data-id=\"79932fc\" data-element_type=\"widget\" data-e-type=\"widget\" data-widget_type=\"text-editor.default\">\n\t\t\t\t<div class=\"elementor-widget-container\">\n\t\t\t\t\t\t\t\t\t<p><a name=\"_GoBack\"><\/a><b>Pol\u00edtica de Cookies<\/b><\/p><p>Esta Pol\u00edtica de Cookies de S\u00e9rgio &amp; Tiod\u00f3zio, Lda descreve como utilizamos cookies e tecnologias semelhantes no nosso site <a href=\"http:\/\/www.vinhocallum.pt\/\">www.vinhocallum.pt<\/a> (&#8220;Site&#8221;). Esta Pol\u00edtica complementa a nossa Pol\u00edtica de Privacidade.<\/p><p><b>O que s\u00e3o cookies? <\/b><\/p><p>Os cookies s\u00e3o pequenos arquivos de texto que s\u00e3o armazenados no seu computador ou dispositivo m\u00f3vel quando visita um site. Eles s\u00e3o amplamente utilizados para fazer os sites funcionarem de maneira mais eficiente, bem como para fornecer informa\u00e7\u00f5es aos propriet\u00e1rios do site.<\/p><p><b>Que tipos de cookies usamos e por qu\u00ea? <\/b><\/p><p>Usamos diferentes tipos de cookies no Site, incluindo:<\/p><p><b>Cookies necess\u00e1rios:<\/b> Estes cookies s\u00e3o essenciais para o funcionamento do site e permitem que navegue e use nossos recursos.<\/p><p><b>Cookies de desempenho:<\/b> Esses cookies coletam informa\u00e7\u00f5es sobre como os visitantes usam o site, incluindo as p\u00e1ginas que visitam com mais frequ\u00eancia e se recebem mensagens de erro. Eles s\u00e3o usados para melhorar a funcionalidade do site.<\/p><p><b>Cookies de funcionalidade:<\/b> Esses cookies permitem que o site se lembre das escolhas que faz (como seu nome de usu\u00e1rio, idioma ou regi\u00e3o) e forne\u00e7a recursos personalizados. Eles tamb\u00e9m podem ser usados para fornecer servi\u00e7os solicitados, como reprodu\u00e7\u00e3o de v\u00eddeo.<\/p><p><b>Como controlar cookies <\/b><\/p><p>A maioria dos navegadores da Web aceita cookies automaticamente, mas pode optar por recusar ou aceitar cookies atrav\u00e9s das configura\u00e7\u00f5es do seu navegador. Contudo se optar por recusar cookies, poder\u00e1 n\u00e3o conseguir usar todas as funcionalidades do Site.<\/p><p><b>Mudan\u00e7as nesta pol\u00edtica de cookies <\/b><\/p><p>Podemos atualizar esta Pol\u00edtica de Cookies periodicamente para refletir mudan\u00e7as em nossos servi\u00e7os e nas nossas pr\u00e1ticas de privacidade. Quaisquer altera\u00e7\u00f5es ser\u00e3o publicadas aqui pelo que aconselhamos a consulta regular das nossas pol\u00edticas.<\/p><p>Entre em contato conosco se tiver alguma d\u00favida ou preocupa\u00e7\u00e3o sobre a nossa Pol\u00edtica de Cookies atrav\u00e9s do e-mail [geral@hotstuffdesign.pt].<\/p>\t\t\t\t\t\t\t\t<\/div>\n\t\t\t\t<\/div>\n\t\t\t\t\t<\/div>\n\t\t<\/div>\n\t\t\t\t\t<\/div>\n\t\t<\/section>\n\t\t\t\t<\/div>\n\t\t","protected":false},"excerpt":{"rendered":"<p>Pol\u00edtica de Cookies Pol\u00edtica de Cookies Esta Pol\u00edtica de Cookies de S\u00e9rgio &amp; Tiod\u00f3zio, Lda descreve como utilizamos cookies e tecnologias semelhantes no nosso site www.vinhocallum.pt (&#8220;Site&#8221;). Esta Pol\u00edtica complementa a nossa Pol\u00edtica de Privacidade. O que s\u00e3o cookies? Os cookies s\u00e3o pequenos arquivos de texto que s\u00e3o armazenados no seu computador ou dispositivo m\u00f3vel [&hellip;]<\/p>\n","protected":false},"author":1,"featured_media":0,"parent":0,"menu_order":13,"comment_status":"closed","ping_status":"closed","template":"elementor_canvas","meta":{"ocean_post_layout":"","ocean_both_sidebars_style":"","ocean_both_sidebars_content_width":0,"ocean_both_sidebars_sidebars_width":0,"ocean_sidebar":"0","ocean_second_sidebar":"0","ocean_disable_margins":"enable","ocean_add_body_class":"","ocean_shortcode_before_top_bar":"","ocean_shortcode_after_top_bar":"","ocean_shortcode_before_header":"","ocean_shortcode_after_header":"","ocean_has_shortcode":"","ocean_shortcode_after_title":"","ocean_shortcode_before_footer_widgets":"","ocean_shortcode_after_footer_widgets":"","ocean_shortcode_before_footer_bottom":"","ocean_shortcode_after_footer_bottom":"","ocean_display_top_bar":"default","ocean_display_header":"default","ocean_header_style":"","ocean_center_header_left_menu":"0","ocean_custom_header_template":"0","ocean_custom_logo":0,"ocean_custom_retina_logo":0,"ocean_custom_logo_max_width":0,"ocean_custom_logo_tablet_max_width":0,"ocean_custom_logo_mobile_max_width":0,"ocean_custom_logo_max_height":0,"ocean_custom_logo_tablet_max_height":0,"ocean_custom_logo_mobile_max_height":0,"ocean_header_custom_menu":"0","ocean_menu_typo_font_family":"0","ocean_menu_typo_font_subset":"","ocean_menu_typo_font_size":0,"ocean_menu_typo_font_size_tablet":0,"ocean_menu_typo_font_size_mobile":0,"ocean_menu_typo_font_size_unit":"px","ocean_menu_typo_font_weight":"","ocean_menu_typo_font_weight_tablet":"","ocean_menu_typo_font_weight_mobile":"","ocean_menu_typo_transform":"","ocean_menu_typo_transform_tablet":"","ocean_menu_typo_transform_mobile":"","ocean_menu_typo_line_height":0,"ocean_menu_typo_line_height_tablet":0,"ocean_menu_typo_line_height_mobile":0,"ocean_menu_typo_line_height_unit":"","ocean_menu_typo_spacing":0,"ocean_menu_typo_spacing_tablet":0,"ocean_menu_typo_spacing_mobile":0,"ocean_menu_typo_spacing_unit":"","ocean_menu_link_color":"","ocean_menu_link_color_hover":"","ocean_menu_link_color_active":"","ocean_menu_link_background":"","ocean_menu_link_hover_background":"","ocean_menu_link_active_background":"","ocean_menu_social_links_bg":"","ocean_menu_social_hover_links_bg":"","ocean_menu_social_links_color":"","ocean_menu_social_hover_links_color":"","ocean_disable_title":"default","ocean_disable_heading":"default","ocean_post_title":"","ocean_post_subheading":"","ocean_post_title_style":"","ocean_post_title_background_color":"","ocean_post_title_background":0,"ocean_post_title_bg_image_position":"","ocean_post_title_bg_image_attachment":"","ocean_post_title_bg_image_repeat":"","ocean_post_title_bg_image_size":"","ocean_post_title_height":0,"ocean_post_title_bg_overlay":0.5,"ocean_post_title_bg_overlay_color":"","ocean_disable_breadcrumbs":"default","ocean_breadcrumbs_color":"","ocean_breadcrumbs_separator_color":"","ocean_breadcrumbs_links_color":"","ocean_breadcrumbs_links_hover_color":"","ocean_display_footer_widgets":"default","ocean_display_footer_bottom":"default","ocean_custom_footer_template":"0","footnotes":""},"class_list":["post-282","page","type-page","status-publish","hentry","entry"],"_links":{"self":[{"href":"https:\/\/vinhocallum.pt\/vinhos-beira-interior\/index.php\/wp-json\/wp\/v2\/pages\/282","targetHints":{"allow":["GET"]}}],"collection":[{"href":"https:\/\/vinhocallum.pt\/vinhos-beira-interior\/index.php\/wp-json\/wp\/v2\/pages"}],"about":[{"href":"https:\/\/vinhocallum.pt\/vinhos-beira-interior\/index.php\/wp-json\/wp\/v2\/types\/page"}],"author":[{"embeddable":true,"href":"https:\/\/vinhocallum.pt\/vinhos-beira-interior\/index.php\/wp-json\/wp\/v2\/users\/1"}],"replies":[{"embeddable":true,"href":"https:\/\/vinhocallum.pt\/vinhos-beira-interior\/index.php\/wp-json\/wp\/v2\/comments?post=282"}],"version-history":[{"count":5,"href":"https:\/\/vinhocallum.pt\/vinhos-beira-interior\/index.php\/wp-json\/wp\/v2\/pages\/282\/revisions"}],"predecessor-version":[{"id":1221,"href":"https:\/\/vinhocallum.pt\/vinhos-beira-interior\/index.php\/wp-json\/wp\/v2\/pages\/282\/revisions\/1221"}],"wp:attachment":[{"href":"https:\/\/vinhocallum.pt\/vinhos-beira-interior\/index.php\/wp-json\/wp\/v2\/media?parent=282"}],"curies":[{"name":"wp","href":"https:\/\/api.w.org\/{rel}","templated":true}]}}